ite?
False
Suppose 0 = -w + 5*o - 31, -w - 3*o = 4*w + 71. Is ((-4)/w)/(17/431732) composite?
True
Suppose -2787 - 25963 = -5*x. Let c = 9216 - x. Is c a composite number?
True
Suppose 600 + 144 = 31*p. Suppose 0 = 18*u - p*u + 6522. Is u composite?
False
Suppose -3*m + m = -y - 700, 2*y = -m - 1415. Let a = 3141 - y. Is a a prime number?
True
Let o = 687139 + -296108. Is o composite?
False
Suppose -2*b - 2017 + 41159 = 0. Is b a composite number?
False
Let p(t) be the second derivative of -10*t**3/3 - t**2/2 - 737*t. Let x(c) = c**3 + 6*c**2 + 2*c + 8. Let u be x(-6). Is p(u) prime?
True
Let c(x) = -13283*x**2 - 6*x - 7. Let g be c(-1). Is (-11 - g/8)/(2/4) composite?
False
Let o(q) = -327*q + 11. Let k(f) = 6*f**2 + 2*f - 11. Let l be k(-3). Suppose -l = -10*a - 157. Is o(a) composite?
True
Suppose -594 = 2*b - 11*b. Let n be (1 + b/24)*8/3. Is n/50 - 3984/(-5) a composite number?
False
Let b = -1587 - -727. Let g(i) = -6*i**2 - 11*i - 8. Let r be g(7). Let a = r - b. Is a prime?
False
Suppose 0 = -3*c + 2*v - 2917, -2*c + 0*c + 3*v - 1948 = 0. Let t(r) = 36*r + 560. Let k be t(-32). Let f = k - c. Is f composite?
False
Suppose 36581630 = 40*w + 9547190. Is w composite?
True
Suppose -2*n + 8 = 0, 28*j + 638259 = 33*j + n. Is j composite?
True
Let d(q) = -4067*q - 3. Let j be d(3). Let x = 15991 - j. Is x a composite number?
True
Let t be ((-477)/6)/(-3*5/(-60)). Suppose -4*f + 5*n = 493, 2*f + 375 = -f + 2*n. Let p = f - t. Is p a composite number?
False
Let f(l) = l**2 - 1. Let z be f(-2). Suppose -2*c = -2*d + 1156, -d + c + 566 = z*c. Suppose -4*s + d + 2230 = 0. Is s prime?
True
Suppose -2*n - 28 = -4*v, 28 = -3*n + 4*v - 12. Let a(f) = -1131*f + 25. Is a(n) a prime number?
True
Suppose -2*n - 5*k - 16 = -5*n, -2*n + 2*k + 12 = 0. Suppose 0 = -n*g + 2*g - 4*w + 4843, -2*w = -4. Is g a composite number?
False
Is 348/(-783) + (-1764661)/(-9) composite?
False
Let s = 9 + -6. Let r be 1/s + (-169)/3. Let j = r - -133. Is j prime?
False
Suppose d + 1 = -17*m + 21*m, -d - m = -4. Suppose 3*o - 6997 = f, -d*o - 2*f + 7*f + 6989 = 0. Is o a prime number?
True
Let t = 148 - 146. Suppose -2*s + 0*c + 3395 = 3*c, -t*s + 3383 = -c. Is s composite?
False
Is 11162 - (-3 - -4 - -2) a composite number?
False
Let p(v) = 2*v**3 - 31*v**2 + 17*v + 9. Let s be p(15). Suppose s*x = 17*x + 21802. Is x a prime number?
True
Let x(j) be the first derivative of j**3 - 5*j**2/2 + 13*j - 16. Let s be x(-10). Suppose -s = -6*t + 1551. Is t composite?
True
Let s(h) be the second derivative of -1613*h**5/20 + h**4/6 + h**3/2 + h**2 + 45*h. Let o be s(-1). Let k = 2701 - o. Is k prime?
True
Let b = 1486 + -855. Suppose -17*o + 0 = -34. Suppose -o*m + b = -m. Is m a composite number?
False
Suppose -o - 2*u + 2120597 = 0, -u - 9303380 = -4*o - 821037. Is o composite?
True
Suppose 5*q - 124 = 36*q. Let x(p) = -10*p**3 + 4*p**2 + p - 9. Is x(q) a composite number?
False
Let k = 23907 + 4294. Is k composite?
False
Is ((-12)/(-4) - -38544) + 7 + (-77)/7 composite?
False
Let i = -455 + 457. Suppose -4*o - 7*c = -i*c - 8931, 2*c - 6693 = -3*o. Is o prime?
False
Suppose 30*n - 39*n + 45963 = 0. Suppose 6239 = -4*j - 2*w + 26597, -j + n = 4*w. Is j a prime number?
True
Let c be -1 + (-3 - -1 - (-7 - 0)). Let j be 644 - (-4 + 0 + c). Suppose -u + 271 = -p, -169 = -3*u + 2*p + j. Is u a composite number?
False
Let z be ((-2)/4*2)/1. Let p(c) = c**2 - c. Let k be p(z). Suppose -k*r + 194 = -584. Is r prime?
True
Is (-5138066)/(-22) - 120/(-220) composite?
False
Is ((-871178778)/(-1062))/((-1 + 2)/1 + 0) composite?
False
Suppose 571003 = -17*m + 64*m. Is m a prime number?
True
Suppose 9*j - 137 = -47. Suppose 0 = -j*r + 5*r + 20. Suppose -6*h - r*h = -6730. Is h composite?
False
Let s(f) = 4*f**3 - 17*f**2 - 8*f + 712. Let l(h) = 3*h**3 - 14*h**2 - 7*h + 711. Let x(c) = 6*l(c) - 5*s(c). Suppose 0 = 2*p + 2*p. Is x(p) a composite number?
True
Let w(p) be the first derivative of 95*p**2 + 49*p + 53. Let r be (3/6)/(4/56). Is w(r) prime?
False
Suppose -2*j = 5*v - 9203137, 2*v - 3*j + 6*j - 3681257 = 0. Is v composite?
True
Let b be (-22)/(-55) + (-17)/5. Let i be (-1615)/(-35) - b/(-21). Let x = 111 + i. Is x composite?
False
Suppose 4*y - v = 4*v - 33, y + 17 = 3*v. Let p be (23/(-4) - y)/(6/(-40)). Is (-2)/10 - (5 - 16680/p) a prime number?
False
Suppose 2*s = p - 83201, 14*p + 83204 = 15*p - s. Is p a prime number?
True
Let h be (1*4/(-1))/((-1)/743). Suppose 392 = 4*d - h. Is d a prime number?
False
Suppose 5*x + 8 = -4*h + 9, -3*h - 2*x - 1 = 0. Is (-332)/(-4) + 0 + h a composite number?
True
Let h be -25*1/(-3)*3. Let z = h + -31. Is ((-2676)/8)/(z/4) a prime number?
True
Let y be (-2)/8 - 11/4. Let v(h) = -9 + 4*h + 93*h**2 + 3*h + 10*h**2 + 7 - h. Is v(y) composite?
False
Let o be ((-729)/18)/(-9)*(-19588)/(-3). Let b = o + -5059. Is b a composite number?
True
Let v = -65164 + 299231. Is v a composite number?
False
Suppose -f = 5*x + 93633, 4*x - 280937 = 2*f + f. Let i = -6096 - f. Is i a prime number?
True
Let b = -1116 + 612. Suppose 3*w + 8*w = -1210. Let x = w - b. Is x composite?
True
Suppose 506*q - 663*q = -303812427. Is q prime?
False
Suppose -3*m + 4*p = 5391 - 23023, -23511 = -4*m + 5*p. Let u be (-26)/(-8) + (-1)/4. Suppose -7*t + m = -u*t - h, -h + 4413 = 3*t. Is t a prime number?
True
Let t(f) = -10*f**3 + 41*f**2 + 8*f + 2. Let b be t(-6). Let x = 10587 - b. Is x prime?
True
Let l be (-3)/(-2) + (-9)/6. Suppose u - 6*u + 8370 = l. Let y = 3185 - u. Is y prime?
True
Let t be ((-36)/(-21))/((-24)/112). Is (2 - -8457 - t)/(3/9) a composite number?
True
Suppose 2*n - 4*u = 8396, -5*u - 8396 = -0*n - 2*n. Let p be -4*(-5)/90 + n/(-18). Let f = 120 - p. Is f a composite number?
False
Let t = -29615 - -67333. Is t prime?
False
Let g be ((-38)/(-20)*4)/((-12)/(-540)). Let d = g + -131. Is d a prime number?
True
Suppose 3*c + 1356 = -3*v, 4*v = -5*c - 537 - 1270. Let j = -162 - v. Is j a prime number?
False
Suppose 0*j + 3991 = j - 5*s, j + s - 3997 = 0. Suppose -17*n = -11*n - j. Is ((-20)/(-15) - (-3)/(-9)) + n composite?
True
Suppose t = 2*w + 4, 5*t + 4*w - 5 = -w. Let y(l) = -7*l - 10*l + t*l**2 + 55 - 11*l. Is y(23) composite?
True
Is -1*(-13 + -10099 - 11) a composite number?
True
Let x = -23 + 27. Let w be -2 - -2*(7 - x). Suppose 0*p - 4*n - 4476 = -w*p, 0 = 2*n - 8. Is p prime?
True
Let n(t) = 7 + 29 + 5 - 4*t. Let s be n(10). Let v(x) = 397*x**3 + x**2 - 1. Is v(s) composite?
False
Let l = -134495 - -263536. Is l a prime number?
False
Let p be (-2 - (-15)/9)/((-1)/9). Let i be (142520/15)/(-14)*p/(-2). Let m = i - 671. Is m composite?
False
Suppose 0*q + 16 = 4*q + 3*o, q - 5*o = 4. Suppose -12249 = -q*u - 5*u. Is u a prime number?
True
Suppose 4*t = 26197 - 4457. Suppose -19*b = -18*b - t. Is b composite?
True
Is ((128/72)/(-8)*3)/(10/(-3453195)) prime?
True
Suppose 8*b + 48*w = 46*w + 102250, 4*b - 4*w = 51120. Is b a composite number?
False
Let f(r) be the third derivative of -r**6/120 - r**5/6 - 31*r**4/24 + 13*r**3/6 + 29*r**2. Let n(a) = -a - 6. Let w be n(7). Is f(w) a prime number?
False
Suppose 5*s = -25, 0 = -5*t - 0*s + 4*s + 9865. Is t a composite number?
True
Let d = 9 + 8. Suppose b + 4*w - d = -2*b, -5*b + 7 = -4*w. Suppose c + y + b*y - 907 = 0, -3*y = -15. Is c composite?
False
Suppose 1494 = -2*s + 4*d + 6088, 2276 = s + 5*d. Is s prime?
False
Suppose -647*m + 257430 = -617*m. Is m composite?
False
Let n = -19 + 19. Suppose n = -2*d + 4*d - 3*h - 2414, -4868 = -4*d - 4*h. Is d a prime number?
True
Suppose -d - 2 = -n, 5*d - 4*n = -6 - 0. Let v be (7/28*-4)/((-1)/d). Suppose v*p - 6729 = -p. Is p prime?
True
Let d be ((-113426)/(-7) - -1) + (-88)/(-308). Suppose -5*k = 15, -4*u - 2*k + d = 2975. Is u a composite number?
True
Let x(q) = 81*q + 244. Let b be x(-3). Let m(z) = 1 + 299*z - 6 + 1. Is m(b) prime?
False
Let k be -3 + 2 - 26622/3. Let u = k + 12428. Suppose 8*f - 1623 - u = 0. Is f a composite number?
False
Suppose -3*w - 2*g = -577806 + 222911, 0 = -g + 2. Is w a prime number?
True
Suppose -s + 784 = -n, -3144 = 4*n - 30*s + 28*s. Let o = n - -1762. Is o a composite number?
True
Suppose -5*g = -2*x + 5*x + 152, -x + 1 = 0. Let t = 55 + g. Suppose t*n - 705 = 21*n. Is n prime?
False
Is (18/15)/((-3)/(-15)) - (1 + -48048) a prime 